highest common divisor of y and x.
7
Suppose 17*k - 13*k - 2*y = 4, -2*k - 6 = -3*y. Calculate the highest common divisor of k and 81.
3
Let w(d) = 2*d**2 - 75*d + 48. Let p be w(37). Calculate the greatest common factor of 2 and p.
1
Let n = -159 + 404. What is the highest common factor of 35 and n?
35
Suppose -7*r + 5*r = -4. Suppose 7 - 39 = -r*s. What is the highest common factor of s and 16?
16
Let l(x) = 13*x + 14*x + 2 - 13 - 25*x. Let w be l(13). What is the highest common divisor of 15 and w?
15
Let s(r) = r**3 - 2*r + 3. Let a be s(2). Let w be a/3 - (70/(-15) - -4). What is the highest common factor of w and 3?
3
Let d be (-5 - (-7 + 2)) + 73. What is the greatest common divisor of 1825 and d?
73
Let a(o) = 3 - 3*o**2 + 10*o - 2*o**2 + 4*o**2. Let j be a(10). Suppose r - 6 = -5*v, 7*r = j*r + v + 108. Calculate the greatest common factor of r and 13.
13
Let k = 32 - 12. Let n be (48/k)/((-1)/10). Let w = -14 - n. What is the highest common factor of 25 and w?
5
Suppose -4*d = 3*t - 7*t + 16, 2*t - 11 = 3*d. Let k be 1/2*t*(11 - -1). What is the greatest common divisor of 30 and k?
6
Let x = -3 + 10. Let y(l) = l**2 - 6*l + 5. Let n be y(6). Suppose 2*q - s - 153 = 0, n*q + 74 = 6*q - 3*s. What is the highest common factor of q and x?
7
Let x = -40 - -145. Suppose 4*r + o - 103 = 0, o - x = -5*r + 24. Let t be (-39)/(2 - (-13)/(-6)). Calculate the greatest common divisor of r and t.
26
Let x(n) = n**2 + 10*n + 8. Let l be x(-7). Let f = 18 + l. Suppose 0 = -3*g - 9, -f*q + 4*g + 33 = 11. Calculate the highest common factor of 14 and q.
2
Let d be (0 - -578) + (3/3 - 3). Calculate the highest common factor of d and 36.
36
Suppose -k - 24 = -4*k. Suppose -21*r + 453 = 33. What is the greatest common factor of r and k?
4
Let d be 14 - 12/(-8)*4. Calculate the highest common factor of 8 and d.
4
Let s be 720/126*-2*(-14)/8. What is the greatest common divisor of s and 36?
4
Let d = 1867 - 1696. Calculate the highest common factor of 114 and d.
57
Suppose 0 = 2*u - z - 1052 - 273, 4*u = -2*z + 2654. Calculate the highest common factor of 51 and u.
51
Let d be (0 + 12/(-3))/(-2). Suppose 12 = d*a - 2*o, 12 = 4*a + 2*o - 12. Calculate the highest common factor of 48 and a.
6
Suppose 4*h = 9*h - 180. What is the greatest common factor of 156 and h?
12
Let w(q) = -13*q**2 + 15*q - 3*q**3 + 4*q**3 + 0*q + 9*q + 10. Let z be w(11). Calculate the highest common divisor of 24 and z.
8
Suppose 4*o - 71 = -371. Let z = 2 - o. Calculate the highest common factor of z and 7.
7
Suppose -9*t + 11*t + 5*b = 406, t - 5*b = 218. What is the highest common divisor of 13 and t?
13
Let w be (-1020)/(-40) - (-2)/4. What is the greatest common divisor of w and 13?
13
Suppose 2738 - 463 = 13*x. What is the highest common factor of 50 and x?
25
Let h = 6 + 64. Let p = 13 - -1. What is the highest common divisor of p and h?
14
Let t(l) = l**3 + 12*l**2 - 2*l - 10. Let j = 26 + 10. Suppose 4*x - x = -j. Let o be t(x). What is the highest common divisor of 35 and o?
7
Let n = 45 - 21. Let w = -14 + 15. Suppose 4*p = 4*t - 84, 3*p = -t - 0 + w. Calculate the greatest common factor of n and t.
8
Let g(a) = -a + 24. Let f be g(0). Let y = -30 + f. Let k be (y/9)/(6/(-27)). Calculate the highest common factor of 33 and k.
3
Suppose -9 = -5*l + 11. Suppose 2*j = l*j - 720. Suppose -3*s + j = -0*s. What is the greatest common factor of s and 15?
15
Suppose 3*q = -5*g + 39 - 3, -5*g + 57 = -4*q. Calculate the highest common factor of 9 and g.
9
Let x(s) = 4*s + 3*s + 6*s**2 - 6*s - 2. Let v = -336 + 334. Let k be x(v). What is the highest common factor of 20 and k?
20
Let a be 1872/91 + 3/7. Let g be -14*(15/a + -1). Suppose 23 = g*t - 9. What is the highest common factor of t and 72?
8
Let u be (-1)/(1*1/(-5)). Let k(y) = y**3 - 2*y**2 - 7*y + 2. Let j be k(u). Let c be j/(-9)*(-15)/10. What is the greatest common factor of 56 and c?
7
Let g(r) be the second derivative of -r**3/3 + r**2/2 + 8*r. Let o be g(8). Let l be ((-8)/6)/(o/45). Calculate the greatest common divisor of 36 and l.
4
Let w(l) = l + 11. Let f be w(-9). Suppose -f*o = -2, -i - 2*o = -100 - 140. Calculate the greatest common divisor of 34 and i.
34
Let p = -14 + 20. Let h be 4/14 + 624/21. Let n be (-2 + 4)/(2/h). Calculate the greatest common factor of n and p.
6
Suppose 295*a - 9720 = 286*a. Calculate the highest common divisor of 4 and a.
4
Suppose 13*r - 19*r = -90. Calculate the greatest common factor of 705 and r.
15
Suppose -5*j - p = -3*j - 13, 4 = 4*p. Let x(w) = w - 2. Let g be x(j). Suppose -g*v = -3*v - 19. What is the greatest common divisor of 209 and v?
19
Suppose -2*o = -x + 3*x - 8, -5*o = -5*x - 30. What is the highest common divisor of o and 135?
5
Suppose 3*d = 7*d - 8. Suppose -2*g - 398 = -3*r, -d*g + 4*g + 266 = 2*r. Suppose r = -b + 4*b. What is the highest common divisor of 4 and b?
4
Let k(h) = 4*h - 11. Let w be k(7). Let t(l) = -l**2 + 23*l - 42. Let d be t(w). Calculate the greatest common factor of d and 6.
6
Let z = 385 - 354. Calculate the highest common factor of 341 and z.
31
Suppose 0 = -1247*z + 1250*z - 84. Let j(c) be the first derivative of c**3 - 2*c**2 + 3*c - 1. Let x be j(2). What is the highest common divisor of z and x?
7
Suppose -30 = -3*c - 3*u, 2*u = -3*c + 1 + 26. Let w = 9 - c. Let s(i) = 9*i**2 - 6*i + 2. Let p be s(w). What is the greatest common factor of p and 13?
13
Let m = 40 - 10. Let v(o) = 4*o**2 - 2*o - 5. Let s be v(-2). Calculate the highest common factor of m and s.
15
Suppose -2*v = 5*x - 24, 12 = 3*v - 7*v. What is the highest common divisor of x and 96?
6
Suppose 107 = 2*n + k - 2*k, 0 = 3*n + 5*k - 167. Calculate the highest common factor of n and 144.
18
Let l(y) = y**2 + 2. Let q be l(2). Let p(g) = -2*g + 2*g + g**2 - 2*g + 4*g**2. Let z be p(q). What is the greatest common divisor of 24 and z?
24
Let h be 2*2/(-4)*0 - -48. What is the highest common divisor of 864 and h?
48
Suppose 39 = -2*q + 175. Let r = q + -12. Let l be (10 + -30)*2/(-5). What is the highest common divisor of r and l?
8
Let w be (0 - 180/(-7)) + 30/105. Suppose -w = 16*u - 17*u. What is the greatest common factor of 65 and u?
13
Let v be (-17)/(1/(-1*2)). Let c = 29 + -44. Let m be (c/(-10) + 1)*34. What is the highest common divisor of v and m?
17
Suppose -948*i + 939*i = -810. What is the highest common factor of 225 and i?
45
Let t be (-32 + (-3)/(-3))*1*-6. What is the highest common factor of t and 31?
31
Let x = 3 - 1. Let t = 18 - 15. Suppose -8 = -b - 5*z, -z - 7 = -t*b + z. What is the highest common factor of x and b?
1
Suppose 4*k - 58 + 22 = 0. Let v = 12 - k. Suppose 4 - 130 = -v*u. Calculate the greatest common divisor of u and 28.
14
Let w(h) = -14*h + 4*h**2 + 18*h - 5*h**2 + 15 - 10*h. Let j be w(-5). Calculate the highest common divisor of 30 and j.
10
Let j be (-2880)/18 + (0 - 0)/(-2). Let g = j + 237. What is the greatest common factor of g and 11?
11
Let h be ((-154)/(-21))/((-6)/(-9)). Calculate the highest common factor of h and 77.
11
Let q be 6/(-2) + (-5 - 138). Let f be q/(-6) - (-10)/(-30). What is the highest common factor of 3 and f?
3
Suppose 388 = -3*q + 94. Let z = -33 - q. Calculate the greatest common factor of 5 and z.
5
Suppose 84*l - 740 - 2704 = 0. Suppose h - 115 - 167 = -c, 2*h + 10 = 0. Calculate the highest common factor of l and c.
41
Let k be 3/9 + (-380)/(-12). Suppose 2*w - k = -0. Calculate the greatest common factor of w and 16.
16
Let k = -62 - -113. Calculate the greatest common factor of 17 and k.
17
Suppose -5*f = -41 - 29. Let l(c) = 52*c - 2. Suppose 0 = 5*z - 15 - 0. Let g be l(z). Calculate the greatest common divisor of g and f.
14
Suppose 5*d - 460 = 20. Calculate the greatest common factor of d and 320.
32
Let m = -1 + 3. Suppose -m*j + 3*j - 14 = 0. Calculate the greatest common factor of 2 and j.
2
Let g = 58 + 8. Suppose 0*b + b - g = 0. Suppose -4*z - n + 88 = 4*n, 0 = 3*z + 3*n - b. What is the greatest common divisor of 11 and z?
11
Suppose -22 = -2*u - 18. Let w be 20 + (6 - -2)/u. Let v = 9 - 1. What is the highest common divisor of v and w?
8
Let k = 83 - 63. Let y be -6*(-10)/k*4/2. What is the greatest common factor of y and 24?
6
Let b be 0 + (4 - 184)/(-4). Let q = 85 - b. What is the 